?
344
Calculate the remainder when 46598 is divided by 2104.
310
Calculate the remainder when 1026 is divided by 61.
50
Calculate the remainder when 1055 is divided by 43.
23
What is the remainder when 15863 is divided by 115?
108
What is the remainder when 197 is divided by 6?
5
Calculate the remainder when 30135 is divided by 274.
269
What is the remainder when 17697 is divided by 6?
3
What is the remainder when 3428 is divided by 764?
372
Calculate the remainder when 15675 is divided by 15664.
11
Calculate the remainder when 726271 is divided by 209.
205
Calculate the remainder when 11174 is divided by 26.
20
What is the remainder when 1597156 is divided by 399288?
4
What is the remainder when 3366 is divided by 686?
622
Calculate the remainder when 28541 is divided by 238.
219
What is the remainder when 20082 is divided by 479?
443
Calculate the remainder when 3659 is divided by 454.
27
Calculate the remainder when 7926 is divided by 559.
100
What is the remainder when 22036 is divided by 102?
4
What is the remainder when 20294 is divided by 73?
0
What is the remainder when 27162 is divided by 9052?
6
Calculate the remainder when 4579897 is divided by 676.
673
What is the remainder when 110431 is divided by 89?
71
What is the remainder when 12499 is divided by 100?
99
Calculate the remainder when 93597 is divided by 120.
117
Calculate the remainder when 129629 is divided by 156.
149
What is the remainder when 1403 is divided by 712?
691
Calculate the remainder when 5318 is divided by 5288.
30
What is the remainder when 4705 is divided by 74?
43
Calculate the remainder when 15116 is divided by 118.
12
What is the remainder when 33869 is divided by 16?
13
Calculate the remainder when 221814 is divided by 1469.
1464
Calculate the remainder when 3162 is divided by 1566.
30
Calculate the remainder when 285547 is divided by 35691.
19
What is the remainder when 1010036 is divided by 7?
6
What is the remainder when 155893 is divided by 5?
3
Calculate the remainder when 377062 is divided by 30.
22
What is the remainder when 16417 is divided by 15?
7
What is the remainder when 1465 is divided by 9?
7
Calculate the remainder when 2053 is divided by 531.
460
What is the remainder when 161 is divided by 44?
29
Calculate the remainder when 13152 is divided by 46.
42
Calculate the remainder when 46501 is divided by 11624.
5
What is the remainder when 2474 is divided by 82?
14
What is the remainder when 9386 is divided by 199?
33
Calculate the remainder when 163 is divided by 125.
38
What is the remainder when 2160 is divided by 509?
124
What is the remainder when 5035 is divided by 10?
5
What is the remainder when 127548 is divided by 50?
48
What is the remainder when 4032 is divided by 3900?
132
What is the remainder when 114890 is divided by 21?
20
What is the remainder when 10313 is divided by 937?
6
What is the remainder when 7003 is divided by 2333?
4
Calculate the remainder when 83218 is divided by 33.
25
What is the remainder when 122548 is divided by 20423?
10
Calculate the remainder when 809086 is divided by 53.
41
What is the remainder when 41095 is divided by 10271?
11
Calculate the remainder when 99410 is divided by 112.
66
Calculate the remainder when 524639 is divided by 54.
29
Calculate the remainder when 3798 is divided by 101.
61
What is the remainder when 37027 is divided by 14?
11
What is the remainder when 940 is divided by 388?
164
What is the remainder when 9601 is divided by 69?
10
Calculate the remainder when 3661 is divided by 228.
13
Calculate the remainder when 6153 is divided by 481.
381
Calculate the remainder when 11668 is divided by 73.
61
Calculate the remainder when 47164 is divided by 2944.
60
What is the remainder when 38008 is divided by 7589?
63
What is the remainder when 7030 is divided by 6?
4
Calculate the remainder when 271395 is divided by 200.
195
Calculate the remainder when 227479 is divided by 605.
604
What is the remainder when 72639 is divided by 286?
281
Calculate the remainder when 373389 is divided by 10.
9
What is the remainder when 29015 is divided by 7228?
103
Calculate the remainder when 424 is divided by 25.
24
Calculate the remainder when 65112 is divided by 42.
12
Calculate the remainder when 23120 is divided by 97.
34
What is the remainder when 4203 is divided by 511?
115
Calculate the remainder when 15031 is divided by 717.
691
What is the remainder when 288788 is divided by 25?
13
What is the remainder when 85927 is divided by 1304?
1167
Calculate the remainder when 11232 is divided by 2138.
542
What is the remainder when 9457 is divided by 316?
293
Calculate the remainder when 2349863 is divided by 191.
181
What is the remainder when 38857 is divided by 9695?
77
What is the remainder when 58298 is divided by 58285?
13
Calculate the remainder when 12092 is divided by 934.
884
Calculate the remainder when 76479 is divided by 135.
69
What is the remainder when 446 is divided by 425?
21
What is the remainder when 82528 is divided by 393?
391
Calculate the remainder when 10780 is divided by 5388.
4
What is the remainder when 3064 is divided by 1125?
814
Calculate the remainder when 2523058 is divided by 341.
340
Calculate the remainder when 17158 is divided by 2831.
172
What is the remainder when 7429573 is divided by 15?
13
Calculate the remainder when 76540 is divided by 45.
40
What is the remainder when 21318 is divided by 288?
6
What is the remainder when 43295 is divided by 21641?
13
Calculate the remainder when 808178 is divided by 55.
8
What is the remainder when 11174642 is divided by 68?
66
Calculate the remainder when 914 is divided by 165.
89
What is the remainder when 55588 is divided by 54?
22
What is the remainder when 28259 is divided by 1656?
107
Calculate the remainder when 3617 is divided by 3557.
60
What is the remainder when 10804 is divided by 5382?
40
Calculate the remainder when 18324 is divided by 4.
0
What is the remainder when 1270 is divided by 208?
22
Calculate the remainder when 96 is divided by 28.
12
What is the remainder when 17791 is divided by 11?
4
Calculate the remainder when 4537 is divided by 2066.
405
Calculate the remainder when 394183 is divided by 20.
3
What is the remainder when 148159 is divided by 32?
31
Calculate the remainder when 2169 is divided by 173.
93
Calculate the remainder when 29379 is divided by 327.
276
Calculate the remainder when 37414 is divided by 186.
28
Calculate the remainder when 124670 is divided by 11.
7
Calculate the remainder when 10787 is divided by 32.
3
Calculate the remainder when 6527 is divided by 3212.
103
What is the remainder when 32288 is divided by 114?
26
What is the remainder when 696 is divided by 6?
0
Calculate the remainder when 1005 is divided by 2.
1
What is the remainder when 5665 is divided by 138?
7
What is the remainder when 1039747 is divided by 17?
10
Calculate the remainder when 161058 is divided by 49.
44
What is the remainder when 3906 is divided by 1952?
2
What is the remainder when 1957 is divided by 473?
65
What is the remainder when 15353 is divided by 384?
377
What is the remainder when 88153 is divided by 103?
88
What is the remainder when 20205 is divided by 3366?
9
What is the remainder when 211087 is divided by 316?
315
What is the remainder when 45615 is divided by 326?
301
What is the remainder when 406817 is divided by 236?
189
What is the remainder when 540286 is divided by 12006?
16
What is the remainder when 1756 is divided by 1522?
234
Calculate the remainder when 55801 is divided by 147.
88
What is the remainder when 64585 is divided by 1433?
100
Calculate the remainder when 2174818 is divided by 134.
132
Calculate the remainder when 6033 is divided by 960.
273
What is the remainder when 471131 is divided by 641?
637
What is the remainder when 1935 is divided by 934?
67
Calculate the remainder when 756 is divided by 559.
197
Calculate the remainder when 130584 is divided by 45.
39
Calculate the remainder when 822405 is divided by 1346.
1345
What is the remainder when 1517958 is divided by 548?
546
Calculate the remainder when 2179601 is divided by 14.
11
What is the remainder when 789 is divided by 266?
257
What is the remainder when 32085 is divided by 89?
45
What is the remainder